ts digit of f?
8
Suppose 2*b - 4*b = 2*o - 88, 78 = 2*b - 3*o. What is the units digit of b?
2
Suppose -l + 26 = m, l - 4*m - 120 = -3*l. What is the units digit of l?
8
Let h(m) = -m**3 + 2*m**2 + 13*m + 3. What is the units digit of h(4)?
3
Let z be (-23 + 1)/((-6)/(-9)). Let a = 23 + z. What is the units digit of (-56)/a*(-5)/(-2)?
4
Let b = 155 + -152. What is the units digit of b?
3
Let h(c) = -c**3 - 7*c**2 - 8*c - 9. What is the units digit of h(-6)?
3
Let a be (-10)/25 + (-32)/(-5). Let g(p) = -p**3 + 6*p**2 + 2*p - 6. What is the units digit of g(a)?
6
Let b = 124 + 78. Suppose 0 = 4*w + 58 - b. What is the units digit of w?
6
Suppose 3*g + 2 = 2*s + g, 6 = 3*g. Suppose 0 = -2*j + s*k - 19, 2*j + 4*k + 18 = -22. Let w = j - -20. What is the units digit of w?
6
Suppose -m + 1 = i, -i - m = 3*i + 11. What is the units digit of (i - -3) + -2 + 7?
4
Suppose -i + 0*i = 2*z - 11, -5*z = -3*i + 22. Let p = i - 5. Suppose p*r - 64 = -20. What is the tens digit of r?
1
Let m(q) = -q**3 + 10*q**2 - 11*q + 4. Let n be m(8). Let l be (-10)/(-4)*8/10. Suppose -l*j + n = 2*j. What is the tens digit of j?
1
What is the units digit of 45/6*12/10?
9
Let d = -85 - -142. Suppose 2*y + y = d. What is the units digit of y?
9
Suppose 4*z = -4*y + 4, 5*y + 18 = 5*z - 27. Let x be 2*(z/2)/5. What is the units digit of (-1 + -2)*(-3)/x?
9
Suppose 0 = -0*p + p + 3*q - 31, 5*q - 25 = 0. Suppose -3*i + 11 + p = 0. What is the units digit of i?
9
Suppose -v + 0*v = -88. Suppose -4*s + 2*t = -v, -s - t - 88 = -5*s. What is the tens digit of s?
2
Let j(l) be the second derivative of -l**5/120 + l**3/6 + 2*l. Let m(d) be the second derivative of j(d). What is the units digit of m(-2)?
2
Suppose -13*r = -2*r - 990. What is the units digit of r?
0
Let u(f) = -f**3 - f**2 + f + 17. Let v be u(0). Suppose 0 = -3*g - v + 5. Let d = -2 - g. What is the units digit of d?
2
Suppose -67 = 2*u + q, -3*u + q - 6*q - 97 = 0. Let o = 3 - u. What is the units digit of o?
7
Let j = -5 - -7. Suppose -j = -y - 2*p, 2*y = 3*y - p - 5. Let d = 13 - y. What is the units digit of d?
9
Let o(p) = -p**3 - p**2 - p + 4. Let v be o(0). Suppose 0 = v*g - 1 - 7. What is the units digit of g?
2
Suppose 3*s + 116 = -2*n - s, 2*s - 282 = 4*n. Let u = 95 + n. What is the tens digit of u?
2
Suppose -2*z - 12 = 4. Suppose 20 = -4*f, 3*f = 5*m - 73 + 338. What is the tens digit of (m/6)/(z/12)?
1
Let f be 18/(-2)*(-3 - -6). Let p = -17 - f. What is the tens digit of p?
1
Suppose 174 = 3*l - 3*u, -3*l + 37 = -u - 127. What is the units digit of l?
3
Let i = 12 + -1. Suppose 5*r = -3*p + 8 + i, -4*r = 4*p - 12. What is the units digit of r?
5
Let l(v) = -7*v**2 - 19*v + 1. Let q(f) = 10*f**2 + 28*f - 2. Let z(p) = -7*l(p) - 5*q(p). Let a be z(-6). Suppose -j = -a - 0. What is the units digit of j?
9
Suppose 0*q = 4*q + 40. Let g be 16/(-7) + q/(-35). What is the tens digit of g/(-3)*(16 + -1)?
1
What is the tens digit of (-116)/(-3)*-5*(-3)/2?
9
Suppose -4*m + 206 = -362. What is the tens digit of m?
4
Suppose 44 = -3*h - h. Let t = h + 29. What is the tens digit of t?
1
Let v = 72 - 34. What is the units digit of v?
8
Let l(o) be the first derivative of 2*o**3 - 5*o**2 - 4*o - 1. Let j(v) = -5*v**2 + 9*v + 3. Let d(h) = -5*j(h) - 4*l(h). What is the units digit of d(5)?
1
Suppose 2*f = 7*f - 20. What is the units digit of ((-25)/(-10))/(2/f)?
5
Let w = -19 + 73. What is the units digit of w?
4
Let c = 164 + -109. What is the units digit of c?
5
Let z(v) = v**2 - 7*v + 9. Let u be z(7). What is the units digit of 0/(-2) - (-31 - u)?
0
Let u be 6/24 - (-19)/4. Suppose -9 = -c - 3*k, -u*k - 13 = -2*c + 60. What is the tens digit of c?
2
What is the units digit of (2 - (-2 - -6))/((-4)/278)?
9
Let g be -10*(-1 - 7/(-5)). Let q = 6 - g. What is the tens digit of q?
1
Let a(g) = -g**3 - 14*g**2 - 5*g + 23. What is the hundreds digit of a(-15)?
3
Let i = 6 + -1. Suppose i = -5*t + 25. What is the units digit of t?
4
Let t(u) = -u**3 - 7*u**2 - 4*u - 5. What is the tens digit of t(-7)?
2
Suppose 0*n - 3*d = -n - 77, 4*n - 3*d = -326. Let y = -54 - n. What is the tens digit of y?
2
Suppose -3*w = f + 35, -w + f = 6*f + 7. Let q = 17 + w. What is the units digit of q?
5
Suppose -q = -3*w, 2*q + 9*w - 11 = 4*w. Let s be 2*(q - (1 - 0)). Suppose s*x + 0*x = 16. What is the units digit of x?
4
Suppose a = 5*k + 31, 5*a - a - 78 = -3*k. What is the tens digit of a?
2
Let p(d) = -46*d**3 - d - 1. Let v be p(-1). Suppose 2*h - v = u - 6, u + 2 = 0. What is the units digit of h?
9
What is the tens digit of 6147/54 + (-1)/(-6)?
1
Suppose 2*f + 4*h = 124, -3*f + 2*f + 2*h = -82. What is the tens digit of f?
7
Let n = -5 + 1. What is the units digit of n/(-6) - 38/(-6)?
7
Let z = -3 + 1. Let p = 7 + z. What is the units digit of p?
5
Let c(j) = j**3 - 2*j**2 - 3*j + 8. What is the tens digit of c(4)?
2
Suppose -4*n + n = -3*u - 12, 0 = -2*n - u - 1. What is the units digit of n?
1
Let h = -3 + -1. Let l = -2 - h. What is the units digit of 60/14 + l/(-7)?
4
Let v(n) = -n**2 - 5*n + 2. Suppose -3*y + 16 = g, -4*y + 4 = -4*g + y. Suppose 2*z - 4*o + 8 = -2*o, -2*z + g*o = 8. What is the units digit of v(z)?
6
Suppose -2*d = 2 + 2, 5*d - 8 = -2*l. What is the units digit of (l/(-45))/((-2)/10)?
1
Suppose 0 = -4*k + 5*w + 96, -3*k - 4*w = k - 96. What is the tens digit of k?
2
What is the hundreds digit of (54/81)/(2 - 635/318)?
2
Suppose 90 = -0*c + 3*c + 3*a, -200 = -5*c + 5*a. What is the units digit of c?
5
Suppose -2*o - 2*o = -60. What is the units digit of o?
5
Let g(j) = -2*j**2 - 6*j. Let k be g(-4). What is the tens digit of ((-9)/(-4))/((-1)/k)?
1
Let s(b) = b - 16. Let v be s(7). Let r = v + 11. Suppose -r*n = -f - 2, 5*n = -4*f + 18 - 0. What is the units digit of n?
2
Let n be (24/(-20))/((-2)/10). What is the tens digit of ((-6)/(-2))/(n/52)?
2
Let v(i) = i**2 - 16. Let x be v(0). Let w be (-4)/6 + x/3. What is the units digit of ((-21)/(-9))/((-2)/w)?
7
Let d = -133 - -237. What is the tens digit of d?
0
Let d(v) = 24*v - 19. What is the hundreds digit of d(6)?
1
Suppose u = t + 21, -4*u + t = -47 - 49. What is the tens digit of u?
2
Let x = -3 - -3. Let g be -5 - 4 - (x + -2). Let o(u) = -u**2 - 8*u - 2. What is the units digit of o(g)?
5
Let l be (1 - -2) + 3 + -1. What is the units digit of (8 - l)*(-22)/(-6)?
1
Suppose -2*i + 0*i = -24. What is the units digit of 112/i - (-6)/9?
0
Let d(l) = l - 1. Let m be d(5). Suppose 3*c + 19 = m*x, 3*x + c = 16 - 5. Suppose -x*j + 14 = -14. What is the units digit of j?
7
Let o(u) = -2 + 0*u**2 + u**2 - 7*u + 0*u**2. Let j be o(8). Suppose -n = 3*p - 2, 5*p - j = -3*n + 2*p. What is the units digit of n?
2
Suppose 5*n = 1 + 4. What is the units digit of n?
1
Suppose 3*d - y - 197 = 0, d + 0*y = -3*y + 59. What is the tens digit of d?
6
Let a = 2 - 1. Let i = a + 9. What is the units digit of i?
0
Suppose -2*s + 7 = 1. What is the tens digit of 54/(-3)*(-4)/s?
2
Let n(r) = 3*r**2 - r - 12. What is the tens digit of n(-8)?
8
Suppose 5*k - k = 0. Let v = 0 - k. Suppose v = 6*o - 3*o - 18. What is the units digit of o?
6
Let t(m) = -m**3 + 19*m**2 - 33*m + 23. What is the hundreds digit of t(16)?
2
Let c(o) = 9*o**2 + 1. Suppose 6*a - 3*j = 4*a - 7, 2*a + 5*j - 17 = 0. What is the units digit of c(a)?
0
Let g(c) = 0 - 15 - c**2 + 0*c**2 + 10*c. What is the units digit of g(6)?
9
What is the units digit of ((-36)/(-15))/((-1)/(-10))?
4
Suppose -3*i = 5*j - 1 - 4, j = -2. Let v(z) be the second derivative of z**3/6 - z**2 - 4*z. What is the units digit of v(i)?
3
Suppose o = -o - 2. Let s be 14/8 - o/4. Let i = s - 1. What is the units digit of i?
1
Suppose -5*q + 3*q = -8. Suppose q*d = -o - 8, 0*d + 3*d = 4*o - 25. What is the units digit of o?
4
Suppose -3*b - 4 = b. What is the units digit of 2/(b/(-4)*2)?
4
Let p = -21 - -29. Suppose 4*i + 0*i = p. What is the units digit of i?
2
Suppose -i + 5*g + 3 = 0, -7*i + 2*i + 4*g = -36. Let c = i - 1. What is the units digit of c?
7
Suppose 0 = -3*b + 10 + 5. What is the units digit of b?
5
What is the units digit of ((0 - -161) + 3 - 1) + -1?
2
Suppose -5*i + 10 = -5. What is the units digit of i?
3
Suppose 457 = 2*n - 3*i - 45, -n = -3*i - 254. What is the units digit of n?
8
Let d = 17 - -15. Suppose l - d = -2*l + 2